d.
80
Suppose 174*w - 258*w + 4968 = -2340. Calculate the remainder when 244 is divided by w.
70
Let u = 1684 - 1514. What is the remainder when u is divided by 62?
46
Suppose -2*b + 189 = -4*x + x, 0 = -b + 5*x + 91. Suppose -3*l = 6, 16*k - b = 14*k - l. What is the remainder when 290 is divided by k?
45
Let a = -349 + -170. Let t = a - -752. What is the remainder when t is divided by 31?
16
Suppose 4*b + 775 - 763 = 0, 5*q - b = 183. What is the remainder when 752 is divided by q?
32
Suppose 3*f - r = -2*f + 771, -5*r = -8*f + 1220. What is the remainder when f is divided by 13?
12
Let a be 5 + (2*-345)/(-5). Suppose -a = -6*v - 29. What is the remainder when 69 is divided by v?
12
Suppose -17*u = 1897 - 299. Let i = u - -331. What is the remainder when i is divided by 30?
27
What is the remainder when 495 is divided by 24/(-6) + 51 + -20?
9
Suppose -2240 = 63*f - 79*f. Calculate the remainder when 1395 is divided by f.
135
Let z(a) = -15*a + 12. Let y(c) = c + 1. Let g(l) = y(l) + z(l). Let x = -18 - -8. Calculate the remainder when g(x) is divided by 26.
23
Let j be (-15)/((-59)/(-14) - 4). Let s be (84/(-147))/(-2*(-2)/j). Suppose 4*c + 3*b = 48, 2*c - 4*b = 34 - s. What is the remainder when 142 is divided by c?
10
Let i(r) = -7*r - 18. Let g be i(-10). Suppose -16*h + 20*h - g = -z, -3*z - 4*h + 132 = 0. What is the remainder when 156 is divided by z?
36
Let i be (-38 + -11)/((-2)/14). Let x = i - 324. What is the remainder when 92 is divided by x?
16
Let u(s) = -14*s**2 - 7*s - 9. Let h be u(-2). Let q = 123 + h. Let f(p) = 10*p - 131. Calculate the remainder when q is divided by f(15).
15
What is the remainder when ((-63)/(-28))/((-6)/(-304)) is divided by 17?
12
Let h(c) = 25*c**2 + 59*c + 867. What is the remainder when h(-12) is divided by 94?
93
Suppose 0 = 672*f - 669*f + 3, 4*t - 977 = 5*f. What is the remainder when 598 is divided by t?
112
Let a = 11867 - 11465. What is the remainder when a is divided by 12?
6
Suppose 227*v = -v + 3648. What is the remainder when 1246 is divided by v?
14
Let z = -6804 + 7428. Calculate the remainder when z is divided by 222.
180
Let n(v) = -10*v - 31*v**2 - 5 + 11*v + 123*v**2. Calculate the remainder when 511 is divided by n(-1).
81
Let o = 35753 + -35738. What is the remainder when o is divided by (-1 - (-9)/6)*18?
6
What is the remainder when 6*(-9 - (-75)/9) + 304 is divided by 42?
6
Calculate the remainder when (19 - 0) + -4 + 1094 is divided by 26.
17
Calculate the remainder when 21/(-14)*(-9)/(162/6684) is divided by 183.
8
Let l = 105 - 103. Let w(h) = h**2 - 7*h - 4. Let k be w(-5). Suppose k = l*y - 2*b, 4*y = -5*b + 91 + 39. Calculate the remainder when 117 is divided by y.
27
Calculate the remainder when (-1)/11 - 230265/(-385) is divided by 149.
2
What is the remainder when ((-14)/28)/(1/(-6618)) + -5 is divided by 19?
17
Let r = -16 - -88. Let a(q) = -2*q - 9. What is the remainder when (-58)/(-16) + 27/r is divided by a(-5)?
0
Suppose -15947*v + 15941*v = -108. What is the remainder when 3956 is divided by v?
14
Let r be (-1)/(0 - 1) - -1. Suppose 2*c + r*c = 2*q + 334, -20 = 4*q. What is the remainder when c is divided by 43 + 660/(-44) + -22?
3
Suppose 0 = -3*a + 3*i + 3027, -i = -3*a - 483 + 3500. Calculate the remainder when a is divided by 84.
80
Suppose 54*p - 29348 = 30484. Calculate the remainder when p is divided by 70.
58
Let g be (76/56)/19 - (-335)/14. Suppose -5 = g*m - 245. Suppose -16 = -n - 3*c + 21, 3*c = 4*n - 178. What is the remainder when n is divided by m?
3
Suppose 5*r - 1 = -2*k + 3, -30 = -4*k + r. Let x = -1006 + 1047. What is the remainder when x is divided by k?
6
Let j = -12177 + 12212. Calculate the remainder when 9939 is divided by j.
34
Suppose 32*m + 24*m - 34*m - 18656 = 0. Calculate the remainder when m is divided by 7.
1
Suppose 2*a - 4*l + 2 = -3*l, 4*l - 20 = -4*a. Calculate the remainder when (5*-3)/(-1)*4/10 is divided by a.
0
Let y(q) = 16*q**2 - 2688*q + 147. What is the remainder when 244 is divided by y(168)?
97
Let s = -3171 + 3450. What is the remainder when s is divided by 154?
125
Calculate the remainder when 1 + (-5)/(-2) - 604215/(-290) is divided by 9.
8
Suppose 4*k + m = 6548 + 3044, 4*k = m + 9600. Calculate the remainder when k is divided by 96.
95
Let q = -23 - -25. Suppose -122 = -5*x - q. Let b(n) = 2*n**3 - 5*n**2 + n - 5. What is the remainder when b(4) is divided by x?
23
Suppose 484 = 4*h - 4*g, -2*h + 0*g = g - 227. Suppose -r = -2*b + 80, -5*b - r + 98 = -h. Let z = b + -38. What is the remainder when 28 is divided by z?
0
Let n = 89 + -8. Suppose -18*m - n = -19*m. Let b = m + -43. Calculate the remainder when b is divided by 8.
6
Let y = 76477 - 76424. Let w(u) = 3*u**3 + 2*u**2 - 4. What is the remainder when w(3) is divided by y?
42
Let s be (-3 - (-32)/12) + 32/6. Suppose 2*c + 4*k - 152 = -48, -c - s*k + 49 = 0. What is the remainder when c is divided by 22?
10
Let c = 1305 + 8303. Calculate the remainder when c is divided by 18.
14
Let a(y) = -y + 130. Let s be a(20). Suppose -123*u + 128*u = s. Calculate the remainder when 153 is divided by u.
21
Suppose -2*m + 108 = 6*s - 3*s, 3*m + 2*s - 162 = 0. Calculate the remainder when 229 is divided by m.
13
Suppose -162 = -6*u - 150. Suppose u*n - i = 470, -5*i + 2*i = -12. Calculate the remainder when n is divided by 16.
13
Let r(z) = -12 + 3*z - 10 + 4 - 8. Let v be r(8). Let p(q) = -6*q - 3. Calculate the remainder when 24 is divided by p(v).
6
Let u(p) = -3*p - p + 130 + 133 - 41 + 95. What is the remainder when u(6) is divided by 75?
68
Suppose 7*y - 10*y = -3387. Suppose -14*i + y - 275 = 0. Calculate the remainder when i is divided by 22.
17
Let h be ((-444)/10)/(6/20). Let q = h + 150. Suppose -g - 3*j = -q*j - 241, 5*j + 217 = g. What is the remainder when g is divided by 15?
12
Suppose 566 - 560 = 2*a. Suppose -5*r + a - 5 = 2*p, -5*p - 4*r = -29. What is the remainder when 140 is divided by p?
5
Let m = 54 + -62. Let w be m/(-14)*28/4. Suppose -2*n + 18 = 2*h, 0 = -2*h - w. What is the remainder when 30 is divided by n?
8
Let n = -2163 - -2250. What is the remainder when 451 is divided by n?
16
Suppose -24*w + 299 = 3*r - 29*w, 3*r = -4*w + 371. Calculate the remainder when r is divided by 59/2 - 1/2.
26
Let d(x) = -96*x + 778. What is the remainder when 36 is divided by d(8)?
6
Suppose -33 = -17*p + 18. Suppose 3*h - 7 = 14. What is the remainder when (-96)/(-9) - p/(-9) is divided by h?
4
Calculate the remainder when (-202837)/(-138) + 1/(-3) - (-1)/2 is divided by 1465.
5
Suppose 3*g - 98 = 5*g. Let a = -46 - g. Suppose f + u - 16 = -0*f, -a*f = -u - 44. What is the remainder when 42 is divided by f?
12
Suppose -5*u + 55 = 35*q - 34*q, -3*u + 77 = 5*q. Suppose 2*i - 71 = 5. Calculate the remainder when i is divided by q.
8
Let j be ((-183)/5)/((-15)/(12 - 87)). Let c = j - -186. Calculate the remainder when 53 is divided by c.
2
Let g be (-22)/8 - 17/68. Calculate the remainder when 1/(-4)*-1042 - g/(-6) is divided by 66.
62
Suppose 2008 = 3*l - 2*x, -l + 0*x = -x - 668. Let o = 869 - l. Calculate the remainder when o is divided by 21.
8
Suppose 3*z + 34 = 169. Let y = -23 - -40. Suppose 0 = 2*x + 5*q - 47, 3*x - y = 3*q + 22. Calculate the remainder when z is divided by x.
13
Suppose s = 3*z + z - 286, 2*z = -5*s + 154. Suppose -z = 2*o + 7*o. What is the remainder when -24*(-3 + (-2)/o) is divided by 14?
10
Let m be 128/12*(42/(-12) + 2). Let x = 21 + -3. Calculate the remainder when x is divided by (-888)/(-90) - m/120.
8
Suppose 8*f + 2370 = 5*x + 13*f, f = x - 464. Calculate the remainder when x is divided by 164.
141
Suppose -12*u + 104 = -4*u. Let r = u - -135. Calculate the remainder when r is divided by 22.
16
Let u be 1 + (-1 - -34 - 2). Let k = u - 8. Suppose -34*d + 27*d = -5*h + 489, 10 = -5*d. Calculate the remainder when h is divided by k.
23
Let s = -3183 - -3259. What is the remainder when 604 is divided by s?
72
Let b = 39 + 4. Suppose -4*o - 1 = 5*p, 2*o - b = 5*p - 6. Let f(g) = 3*g + 40. What is the remainder when o is divided by f(-13)?
0
Let r(n) = 25*n**2 + 35*n - 37. Calculate the remainder when 2133 is divided by r(1).
17
Let f = 3548 + -3441. What is the remainder when 210 is divided by f?
103
Let t(d) = -d**2 + d + 18.